f 24160952?
False
Is 11 a factor of 2510454?
False
Does 33 divide 61628127?
True
Is 7320 a factor of 2321559960?
True
Is 1200 a factor of 300971626?
False
Does 2743 divide 205107011?
False
Is 16 a factor of 8065931?
False
Does 2 divide 865936?
True
Does 23 divide 2518144879?
False
Is 9 a factor of 336260862?
True
Is 657670874 a multiple of 6449?
False
Is 3604826081 a multiple of 50?
False
Is 55577215 a multiple of 785?
True
Is 107490856 a multiple of 227?
True
Does 128 divide 801021184?
True
Is 1282 a factor of 502760658?
True
Is 7 a factor of 1886660?
False
Does 119 divide 14136762?
False
Is 28 a factor of 433910320?
False
Is 56 a factor of 17153360?
True
Does 47 divide 87167892?
True
Does 1794 divide 4189775772?
True
Is 225964671 a multiple of 216?
False
Does 630 divide 131542110?
True
Does 93 divide 1013847?
False
Is 44836079 a multiple of 113?
False
Does 37 divide 89075798?
True
Does 45 divide 27900148?
False
Is 1184312024 a multiple of 56?
True
Is 24151397 a multiple of 252?
False
Is 1827 a factor of 2269282965?
False
Is 294362820 a multiple of 5644?
True
Does 39 divide 232811475?
True
Does 687 divide 2378919523?
False
Is 5941382296 a multiple of 359?
False
Is 117 a factor of 6847074?
True
Is 35 a factor of 1312680075?
True
Is 2672 a factor of 219133392?
True
Is 92476437 a multiple of 393?
True
Is 35 a factor of 26204922?
False
Is 4863 a factor of 493443747?
True
Does 13 divide 505515813?
False
Is 24 a factor of 23360223?
False
Does 821 divide 8593407?
True
Is 701 a factor of 13913448?
True
Is 15683918 a multiple of 6?
False
Is 77 a factor of 2637453588?
True
Is 241163423 a multiple of 84?
False
Is 38 a factor of 97175938?
False
Is 2148 a factor of 75809364?
True
Does 721 divide 6806336?
False
Is 2993 a factor of 2681881514?
False
Is 555961599 a multiple of 2424?
False
Is 107317890 a multiple of 1941?
True
Is 1758 a factor of 600514537?
False
Is 47 a factor of 17207081?
False
Is 63 a factor of 174828593?
False
Does 2602 divide 202092136?
True
Is 13 a factor of 229167718?
True
Does 8 divide 767107032?
True
Is 429513015 a multiple of 4032?
False
Is 52355583 a multiple of 40?
False
Is 4506055268 a multiple of 572?
True
Is 11 a factor of 73209697?
True
Does 18 divide 13971554?
False
Is 56333785 a multiple of 1926?
False
Is 24993424 a multiple of 239?
False
Is 1431106099 a multiple of 99?
False
Is 49 a factor of 1914597678?
True
Is 220 a factor of 534058800?
True
Is 171 a factor of 4008860901?
True
Does 1359 divide 615276378?
True
Does 27 divide 30453732?
True
Is 536614289 a multiple of 29?
True
Is 6 a factor of 986372766?
True
Is 111 a factor of 211215686?
False
Is 58 a factor of 69553339?
False
Is 391865547 a multiple of 179?
True
Is 5829471375 a multiple of 1625?
True
Is 213 a factor of 242428506?
True
Is 1018724495 a multiple of 3301?
False
Is 137872696 even?
True
Does 49 divide 5159928?
False
Does 507 divide 102645192?
True
Does 2 divide 15891835?
False
Is 4039 a factor of 115119461?
False
Is 1712 a factor of 660201907?
False
Is 8 a factor of 28352565?
False
Is 144 a factor of 135269245?
False
Does 469 divide 413055804?
True
Does 793 divide 1132331837?
True
Is 1447118761 a multiple of 89?
False
Is 933 a factor of 515487165?
True
Does 261 divide 561381768?
True
Is 51152728 a multiple of 10?
False
Is 164 a factor of 2275170?
False
Does 68 divide 23358680?
True
Is 90 a factor of 23354674?
False
Does 11 divide 19252793?
False
Is 3660742 a multiple of 33?
False
Is 604 a factor of 534956533?
False
Is 63 a factor of 942572484?
True
Does 931 divide 4761511827?
False
Is 465 a factor of 8820120?
True
Does 135 divide 174725370?
True
Is 3034095 a multiple of 1005?
True
Is 233995380 a multiple of 66?
False
Is 143889960 a multiple of 30?
True
Does 315 divide 300105350?
False
Does 4 divide 5769921?
False
Does 6 divide 1677614?
False
Is 1263427000 a multiple of 1655?
True
Is 136 a factor of 59314360?
True
Is 71602415 a multiple of 73?
True
Is 807 a factor of 743522187?
True
Is 2670 a factor of 56346749?
False
Is 3 a factor of 1020315?
True
Is 2167 a factor of 970272083?
True
Is 67047916 a multiple of 124?
True
Does 3 divide 5045464?
False
Does 39 divide 1559848424?
False
Is 121 a factor of 5960742907?
False
Does 467 divide 352385591?
True
Is 31731096 a multiple of 14?
False
Is 16 a factor of 9597152?
True
Is 122333400 a multiple of 4599?
True
Does 5212 divide 575404800?
True
Does 25 divide 5401425?
True
Does 19 divide 7327074?
False
Is 362 a factor of 297241653?
False
Is 111 a factor of 40395281?
False
Is 46222569 a multiple of 628?
False
Is 274875803 a multiple of 3?
False
Is 1070224721 a multiple of 369?
False
Does 28 divide 1486301880?
True
Is 362502837 a multiple of 3897?
True
Is 3783828 a multiple of 43?
True
Is 617837032 a multiple of 2054?
False
Is 28763735 a multiple of 19?
False
Is 78000607 a multiple of 60?
False
Does 2715 divide 41238135?
True
Is 12 a factor of 4220687?
False
Is 793190368 a multiple of 8?
True
Is 146315225 a multiple of 5?
True
Is 52 a factor of 140466583?
False
Is 171167232 a multiple of 39?
False
Is 37 a factor of 51345862?
True
Is 82 a factor of 365969607?
False
Is 546446592 a multiple of 8?
True
Is 21972525 a multiple of 3?
True
Is 135916968 a multiple of 116?
True
Does 156 divide 236148874?
False
Is 28 a factor of 611140800?
False
Does 31 divide 189871715?
False
Does 265 divide 9570410?
False
Is 424441740 a multiple of 15?
True
Does 35 divide 158802693?
False
Is 961035651 a multiple of 27?
True
Is 515 a factor of 199505850?
True
Is 5 a factor of 174168?
False
Is 13 a factor of 2350532?
False
Is 91 a factor of 2850484?
True
Is 182 a factor of 78545558?
True
Is 207581822 a multiple of 341?
False
Is 565 a factor of 169319200?
True
Is 100924920 a multiple of 3585?
True
Is 222 a factor of 35677242?
False
Does 191 divide 197011725?
True
Is 468042544 a multiple of 404?
False
Does 2794 divide 740947954?
False
Is 24 a factor of 2543514200?
False
Is 64464 a multiple of 51?
True
Is 252883654 a multiple of 1558?
True
Is 2787 a factor of 87659511?
True
Does 39 divide 11053835?
False
Is 383861854 a multiple of 273?
False
Is 375339330 a multiple of 3566?
True
Is 1450 a factor of 65356627?
False
Is 350 a factor of 34456931?
False
Is 7 a factor of 41029030?
True
Is 6 a factor of 13478166?
True
Is 156 a factor of 321469104?
False
Does 89 divide 91086783?
True
Is 1675110838 a multiple of 11?
False
Is 1742 a factor of 26030706?
True
Is 56908675 a multiple of 16?
False
Is 1866 a factor of 2488659178?
False
Is 1369959875 a multiple of 20?
False
Does 15 divide 2521574563?
False
Does 27 divide 377758281?
False
Does 104 divide 57301712?
True
Is 287 a factor of 1027368734?
True
Is 118 a factor of 57932572?
True
Is 1763 a factor of 1458653310?
True
Is 49 a factor of 956856258?
False
Is 58 a factor of 536665322?
False
Is 18 a factor of 17505510?
False
Does 3601 divide 41667171?
True
Is 194 a factor of 577671278?
True
Is 2492599914 a multiple of 7?
True
Is 1280120 a multiple of 8?
True
Is 27 a factor of 126196380?
True
Does 6 divide 532858794?
True
Does 13 divide 205742987?
False
Is 106 a factor of 25481648?
False
Does 394 divide 292270776?
True
Does 6 divide 14453739?
False
Does 20 divide 120458400?
True
Does 236 divide 2075310604?
True
Is 3 a factor of 5595219?
True
Does 1022 divide 27168848?
True
Does 19 divide 49332854?
True
Is 138822438 a multiple of 6?
True
Is 86444188 a multiple of 95?
False
Is 4747846 a multiple of 106?
True
Does 184 divide 38883800?
True
Is 5 a factor of 157273679?
False
Is 532203436 a multiple of 4?
True
Does 39 divide 149790264?
True
Does 1165 divide 1256571330?
True
Does 61 divide 55611870?
True
Is 144 a factor of 363191904?
True
Does 4374 divide 256558525?
False
Does 2556 divide 199958436?
True
Is 276 a factor of 4157695?
False
Is 396113505 a multiple of 123?
True
Does 8 divide 728112096?
True
Is 248816864 a multiple of 953?
True
Is 27821193 a multiple of 9?
False
Is 23336280 a multiple of 330?
True
Is 540419256 a multiple of 7924?
False
Is 6485935094 a multiple of 4495?
False
Does 14 divide 6002374?
True
Is 16 a factor of 32585568?
True
Is 522022073 a multiple of 9?
False
Is 51228759 a multiple of 686?
False
Is 60369535 a multiple of 88?
False
Is 306 a factor of 882557062?
False
Is 2213 a factor of 764907425?
False